373830?
False
Is 3069384 a multiple of 194?
False
Is 1916620 a multiple of 122?
True
Is 14 a factor of 249340?
True
Does 128 divide 333141?
False
Is 27 a factor of 1193616?
True
Is 31 a factor of 4190890?
True
Is 121688 a multiple of 287?
True
Is 34 a factor of 1094840?
False
Does 273 divide 1557192?
True
Is 6894012 a multiple of 12?
True
Does 879 divide 627606?
True
Is 315 a factor of 2300354?
False
Is 11772444 a multiple of 12?
True
Is 21535921 a multiple of 310?
False
Is 813444 a multiple of 212?
True
Is 20985 a multiple of 19?
False
Does 280 divide 2334049?
False
Is 746 a factor of 11527003?
False
Is 69091 a multiple of 163?
False
Is 95914 a multiple of 7?
True
Does 52 divide 28236?
True
Is 37 a factor of 129790?
False
Is 159 a factor of 1955541?
True
Is 461472 a multiple of 23?
True
Is 10586709 a multiple of 21?
True
Is 115 a factor of 1306400?
True
Is 336 a factor of 3196264?
False
Is 326048 a multiple of 112?
False
Is 540817 a multiple of 11?
False
Does 90 divide 61289?
False
Does 145 divide 36395?
True
Does 4 divide 285617?
False
Does 46 divide 298540?
True
Does 68 divide 1734544?
True
Does 6 divide 152829?
False
Is 316 a factor of 53404?
True
Does 19 divide 252605?
True
Is 95 a factor of 1965360?
True
Is 11 a factor of 330888?
False
Is 1433694 a multiple of 28?
False
Is 11 a factor of 95788?
True
Is 10 a factor of 971162?
False
Is 471051 a multiple of 9?
True
Is 51 a factor of 7335993?
True
Is 624359 a multiple of 50?
False
Does 157 divide 3055848?
True
Is 265574 a multiple of 73?
True
Is 113490 a multiple of 130?
True
Is 4758032 a multiple of 16?
True
Does 248 divide 352650?
False
Is 13 a factor of 835558?
False
Does 39 divide 24818?
False
Does 76 divide 306204?
True
Does 60 divide 4052640?
True
Is 222 a factor of 29289570?
True
Is 277352 a multiple of 148?
True
Does 202 divide 26408268?
True
Is 836 a factor of 63536?
True
Does 381 divide 669238?
False
Is 10432602 a multiple of 7?
False
Is 2418696 a multiple of 21?
True
Is 108915 a multiple of 265?
True
Is 327584 a multiple of 8?
True
Does 22 divide 3820171?
False
Does 11 divide 566688?
False
Does 5 divide 924390?
True
Is 4805515 a multiple of 605?
True
Is 2 a factor of 12960?
True
Is 281 a factor of 483320?
True
Does 10 divide 634159?
False
Does 2 divide 533819?
False
Is 60 a factor of 2888040?
True
Is 541208 a multiple of 5?
False
Is 364798 a multiple of 734?
True
Does 231 divide 1148301?
True
Is 4534728 a multiple of 89?
True
Is 72679 a multiple of 150?
False
Is 126 a factor of 18963?
False
Is 3450102 a multiple of 407?
False
Is 11 a factor of 175680?
False
Is 42 a factor of 33781?
False
Is 53 a factor of 24698?
True
Does 258 divide 5529714?
True
Does 18 divide 42858?
True
Is 1768663 a multiple of 218?
False
Is 307 a factor of 376689?
True
Is 1356272 a multiple of 510?
False
Is 12312424 a multiple of 22?
False
Does 1384 divide 23937664?
True
Is 26 a factor of 9927034?
True
Does 136 divide 190046?
False
Is 209124 a multiple of 111?
True
Is 4268541 a multiple of 1109?
True
Does 6 divide 8762?
False
Is 441979 a multiple of 46?
False
Is 7 a factor of 236403?
False
Is 148680 a multiple of 315?
True
Is 301 a factor of 546909?
False
Does 151 divide 926180?
False
Is 159 a factor of 104332?
False
Does 199 divide 6269316?
False
Is 5511333 a multiple of 603?
False
Is 377430 a multiple of 345?
True
Does 11 divide 3781876?
False
Is 38 a factor of 462840?
True
Is 377720 a multiple of 20?
True
Is 3683790 a multiple of 15?
True
Is 137893 a multiple of 389?
False
Is 3285300 a multiple of 94?
True
Is 9 a factor of 285611?
False
Is 5899840 a multiple of 80?
True
Is 334273 a multiple of 4?
False
Does 155 divide 93620?
True
Is 1023 a factor of 1017885?
True
Does 171 divide 350407?
False
Does 4 divide 43441?
False
Does 70 divide 131757?
False
Is 46 a factor of 76222?
True
Is 9433776 a multiple of 136?
True
Does 11 divide 587642?
True
Is 16 a factor of 274976?
True
Is 766728 a multiple of 18?
True
Does 53 divide 3856478?
False
Is 99320 a multiple of 5?
True
Is 287 a factor of 254282?
True
Is 18 a factor of 369270?
True
Is 1313040 a multiple of 20?
True
Is 75 a factor of 61200?
True
Does 59 divide 22139?
False
Does 64 divide 21463556?
False
Does 745 divide 13369770?
True
Does 7 divide 14813967?
True
Does 5 divide 135045?
True
Does 65 divide 122915?
True
Is 664 a factor of 36525?
False
Does 60 divide 30480?
True
Does 51 divide 623215?
False
Does 65 divide 21957?
False
Does 58 divide 831543?
False
Is 244791 a multiple of 177?
True
Is 2481984 a multiple of 192?
True
Does 50 divide 68676?
False
Is 109821 a multiple of 3?
True
Is 15 a factor of 724677?
False
Does 382 divide 8940328?
True
Is 60480 a multiple of 38?
False
Is 249851 a multiple of 9?
False
Does 65 divide 11931?
False
Is 1696400 a multiple of 96?
False
Does 614 divide 1798973?
False
Is 3 a factor of 36322?
False
Does 309 divide 1088916?
True
Is 128 a factor of 88912?
False
Does 11 divide 3587430?
True
Is 8 a factor of 528262?
False
Is 15 a factor of 554325?
True
Is 230546 a multiple of 19?
True
Is 366813 a multiple of 7?
False
Is 3288978 a multiple of 91?
False
Is 11 a factor of 125235?
True
Is 10 a factor of 104507?
False
Is 45 a factor of 99810?
True
Is 1018 a factor of 2738420?
True
Does 54 divide 2797416?
True
Does 1092 divide 894283?
False
Is 6367625 a multiple of 421?
True
Does 6 divide 18556?
False
Does 195 divide 2753790?
True
Is 24 a factor of 298992?
True
Is 33152 a multiple of 128?
True
Does 48 divide 7142976?
True
Is 752400 a multiple of 836?
True
Is 18608 a multiple of 16?
True
Is 187 a factor of 20009?
True
Is 8 a factor of 11168?
True
Does 22 divide 1078110?
True
Does 7 divide 68011?
False
Is 1363320 a multiple of 24?
True
Is 5683054 a multiple of 36?
False
Does 74 divide 300366?
True
Does 296 divide 1051096?
True
Is 769135 a multiple of 112?
False
Is 38764 a multiple of 11?
True
Does 165 divide 1157652?
False
Is 9652 a multiple of 67?
False
Is 2003820 a multiple of 13?
True
Is 2596971 a multiple of 27?
False
Is 10 a factor of 31184?
False
Does 1281 divide 2927085?
True
Is 221 a factor of 2715648?
True
Is 261 a factor of 208329?
False
Is 9472 a multiple of 118?
False
Is 49 a factor of 58751?
True
Is 491728 a multiple of 73?
True
Does 81 divide 145800?
True
Does 13 divide 1014507?
True
Is 60 a factor of 30474?
False
Is 1227166 a multiple of 5?
False
Is 10901 a multiple of 7?
False
Is 120771 a multiple of 71?
True
Is 425878 a multiple of 21?
False
Does 548 divide 184128?
True
Is 2533020 a multiple of 28?
True
Is 288591 a multiple of 419?
False
Does 12 divide 1137804?
True
Is 1099631 a multiple of 14?
False
Is 21 a factor of 321707?
False
Is 8588886 a multiple of 1204?
False
Is 1013474 a multiple of 28?
False
Is 320 a factor of 409562?
False
Is 3 a factor of 3074?
False
Does 14 divide 2863770?
True
Is 20 a factor of 309740?
True
Is 1523576 a multiple of 86?
True
Is 3821459 a multiple of 420?
False
Is 18 a factor of 13024098?
True
Is 34 a factor of 3942157?
False
Is 79 a factor of 57283?
False
Is 58 a factor of 1599988?
True
Does 82 divide 112179?
False
Is 54 a factor of 5959872?
True
Is 46385 a multiple of 4?
False
Is 73 a factor of 3187691?
True
Does 142 divide 367780?
True
Is 116586 a multiple of 51?
True
Is 17270968 a multiple of 1612?
True
Is 117 a factor of 19502496?
True
Is 189516 a multiple of 4?
True
Is 500950 a multiple of 233?
True
Is 1109697 a multiple of 641?
False
Is 254232 a multiple of 151?
False
Does 34 divide 938808?
True
Is 216897 a multiple of 63?
False
Is 736889 a multiple of 59?
False
Is 8 a factor of 126864?
True
Is 210424 a multiple of 57?
False
Does 10 divide 169907?
False
Is 75 a factor of 72606?
False
Is 25 a factor of 21953482?
False
Is 19942 a multiple of 118?
True
Does 107 divide 8116271?
True
Does 13 divide 1656993?
True
Does 31 divide 771?
False
Does 61 divide 65209?
True
Is 87 a factor of 10877?
False
Is 85 a factor of 1550825?
True
Is 4 a factor of 112783?
False
Does 28 divide 7426?
False
Is 160402 a multiple of 124?
False
Does 35 divide 59780?
True
Is 308 a factor of 268268?
True
Is 23422 a multiple of 7?
True
Is 1672110 a multiple of 951?
False
Is 910670 a multiple of 27?
False
Does 9 divide 3823551?
True
Is 10 a factor of 6967?
False
Is 85 a factor of 2534700?
True
Does 231 divide 6164004?
True
